38
What is the highest common divisor of 83232 and 2602156?
1156
Calculate the greatest common factor of 131720 and 59897.
89
What is the greatest common factor of 42 and 17185658?
14
Calculate the highest common divisor of 10166 and 44873.
23
What is the greatest common factor of 1746 and 4574326?
194
What is the highest common factor of 17091 and 184378341?
633
What is the highest common factor of 236845 and 407939?
707
Calculate the highest common divisor of 215757 and 8789445.
3537
What is the greatest common factor of 15754860 and 405?
45
Calculate the greatest common factor of 84 and 70521906.
42
Calculate the greatest common divisor of 11902 and 4138.
2
What is the highest common divisor of 7296340 and 18430?
970
What is the greatest common factor of 20260235 and 181?
181
What is the greatest common divisor of 370092944 and 11856?
3952
Calculate the highest common factor of 125258 and 2480653.
2723
What is the greatest common factor of 69 and 93835837?
23
Calculate the highest common factor of 1705 and 830665.
55
Calculate the greatest common factor of 4343250 and 750.
750
What is the highest common factor of 81 and 13057497?
27
Calculate the highest common divisor of 25458876 and 72.
36
What is the highest common factor of 1576 and 34914704?
1576
Calculate the greatest common factor of 21216 and 2400.
96
Calculate the greatest common factor of 1706201 and 51404.
71
What is the highest common divisor of 498836900 and 100?
100
What is the highest common divisor of 61921787 and 101?
101
Calculate the highest common divisor of 214 and 6742177.
107
Calculate the greatest common divisor of 110333124 and 396.
396
What is the greatest common factor of 74115 and 125199?
27
Calculate the highest common factor of 3600 and 3516660.
180
What is the greatest common divisor of 100 and 1338410?
10
Calculate the greatest common factor of 436102307 and 57.
19
Calculate the greatest common factor of 2450 and 522284630.
490
Calculate the highest common factor of 4852544 and 256.
64
Calculate the greatest common divisor of 7478703 and 41607.
621
What is the highest common divisor of 91421 and 202389?
11
Calculate the greatest common factor of 25893 and 5933196.
3699
Calculate the highest common factor of 3256585 and 13515.
265
Calculate the highest common factor of 10700 and 28800.
100
What is the greatest common factor of 487230 and 59187?
327
Calculate the greatest common divisor of 11758800 and 5.
5
What is the greatest common divisor of 2658 and 1146?
6
Calculate the highest common factor of 16810 and 7330.
10
Calculate the greatest common divisor of 90 and 171657510.
30
What is the greatest common factor of 161 and 27471318?
7
What is the highest common factor of 484864 and 54926?
1894
What is the highest common divisor of 1054 and 225961790?
1054
Calculate the highest common factor of 1475080 and 120.
40
What is the highest common factor of 8892 and 52988?
52
Calculate the highest common divisor of 820 and 1002143648.
164
What is the highest common factor of 95809008 and 816?
816
What is the highest common divisor of 5848 and 2067336?
136
What is the highest common factor of 2522520 and 297?
99
What is the greatest common divisor of 716 and 402265984?
716
Calculate the greatest common divisor of 155 and 1061485.
5
What is the highest common divisor of 7262532 and 2916?
36
What is the highest common divisor of 14 and 176685852?
14
What is the greatest common divisor of 29034 and 3696129819?
14517
Calculate the highest common divisor of 210 and 842578030.
70
Calculate the highest common divisor of 25210 and 148160.
10
What is the greatest common divisor of 5409531 and 1023?
93
What is the greatest common divisor of 616 and 33706728?
88
What is the highest common divisor of 2799 and 12303?
9
What is the highest common divisor of 36225460 and 8540?
1220
What is the greatest common divisor of 686 and 1306508?
14
What is the greatest common factor of 280358 and 9854?
26
What is the greatest common divisor of 12481659 and 382?
191
What is the highest common divisor of 3424 and 72747695?
107
What is the highest common factor of 7 and 454113996?
7
Calculate the highest common divisor of 639 and 5837904.
639
Calculate the highest common factor of 470008 and 5148528.
4312
What is the highest common factor of 579552627 and 34?
17
What is the greatest common factor of 338420 and 14720?
20
What is the greatest common factor of 216657 and 5654621?
1267
Calculate the highest common factor of 29987 and 59503.
157
What is the highest common factor of 22 and 18425044?
22
What is the highest common divisor of 2324872 and 88?
88
What is the highest common factor of 3091158 and 182?
14
What is the highest common divisor of 16177525 and 169?
169
What is the greatest common divisor of 130014 and 81747?
279
What is the highest common factor of 469 and 751373?
7
Calculate the highest common factor of 1754341 and 11713963.
7867
What is the greatest common divisor of 1182392 and 128?
8
Calculate the greatest common factor of 27506421 and 6768.
423
What is the greatest common divisor of 5320 and 594905808?
1064
Calculate the greatest common divisor of 278564 and 50182.
22
Calculate the highest common factor of 2003520 and 585.
15
What is the highest common divisor of 5967 and 6311760?
663
Calculate the highest common divisor of 176 and 39497128.
88
Calculate the highest common divisor of 56 and 446688.
8
What is the highest common divisor of 9811186 and 56?
14
Calculate the highest common divisor of 105869 and 736.
23
Calculate the greatest common factor of 879128799 and 642.
321
What is the highest common divisor of 222501120 and 12480?
960
What is the greatest common divisor of 11716754 and 667?
29
What is the highest common factor of 9600 and 8312100?
300
Calculate the greatest common divisor of 50442756 and 273.
273
Calculate the greatest common factor of 17958 and 1038.
6
Calculate the highest common divisor of 84 and 991686.
6
Calculate the highest common factor of 24560 and 208400.
80
Calculate the highest common divisor of 16064 and 2533092.
1004
What is the highest common factor of 771689 and 204949?
659
Calculate the greatest common divisor of 56 and 725008.
8
What is the highest common divisor of 35142590 and 2660?
1330
Calculate the greatest common factor of 24460150 and 1040.
130
What is the greatest common factor of 135137854 and 5974?
5974
Calculate the greatest common divisor of 22 and 72511153.
11
What is the highest common factor of 11 and 226026559?
11
What is the greatest common factor of 1001955808 and 161?
161
Calculate the greatest common factor of 42117462 and 2484.
1242
What is the greatest common divisor of 599034062 and 22?
22
What is the greatest common factor of 8234 and 14636924?
46
What is the greatest common divisor of 48 and 4301886?
6
Calculate the highest common divisor of 68257 and 4302977.
1393
What is the highest common divisor of 589650160 and 3817?
3817
Calculate the greatest common divisor of 7744 and 5395968.
64
Calculate the highest common factor of 14348606 and 1502.
1502
What is the greatest common divisor of 799 and 206377?
47
Calculate the greatest common divisor of 6204 and 2897972.
44
Calculate the highest common divisor of 3097179 and 561.
51
Calculate the greatest common factor of 56908506 and 12.
6
Calculate the highest common divisor of 83312 and 11978640.
2032
Calculate the highest common factor of 7440 and 31420608.
1488
Calculate the greatest common factor of 394854 and 7284.
6
Calculate the highest common factor of 164 and 550807284.
164
What is the greatest common factor of 1739 and 4847296?
37
What is the greatest common divisor of 68440 and 6586760?
2360
What is the highest common divisor of 16689698 and 2054?
158
Calculate the highest common divisor of 5500 and 12815.
55
What is the greatest common factor of 162 and 1966761?
81
What is the highest common divisor of 9451 and 7134051?
727
What is the highest common divisor of 3009214 and 32799?
377
What is the highest common divisor of 22438 and 41106?
26
What is the greatest common divisor of 312780 and 1755?
195
What is the greatest common divisor of 815 and 175214405?
815
Calculate the greatest common divisor of 26968 and 57088.
8
Calculate the highest common fac